123. Let l(s) = 5*a(s) + 11*b(s). Determine l(0).
67
Let o(x) be the first derivative of 1/3*x**3 + 4*x**2 + 27 + 9*x. What is o(-6)?
-3
Let t(h) = -h - 6. Let i(n) = -n**3 + 10*n**2 - 13*n - 9. Let b be i(6). Let p = 48 - b. Let o be (448/(-36))/(-2) - (-2)/p. Calculate t(o).
-12
Suppose -62 + 22 = 5*t. Let m(w) = 19 - 2*w + 3 + w + 3*w - 6. Calculate m(t).
0
Let v = 11606 + -11607. Let w(t) = -5*t**2 - 14*t - 1. Calculate w(v).
8
Let q(r) = -2*r**2 - 11*r - 10. Let n(x) = -x**3 - 85*x**2 + 178*x + 344. Let b be n(-87). Give q(b).
2
Let w(m) = 2*m**2 - 4*m + 3. Let u be (-184)/(-69) + ((-34)/255)/((-2)/(-10)). Give w(u).
3
Let r(q) = -q**2 + 15*q + 35. Let o be r(17). Let n(u) = -u**3 + u**2 - u. Let k(j) = -9*j**2 - 7*j + 4. Let x(f) = o*k(f) + n(f). Give x(-7).
11
Let b(i) = -88*i**3 - 45*i**2 - 45*i + 93. Let q(v) = 39*v**3 + 23*v**2 + 23*v - 46. Let t(w) = 4*b(w) + 9*q(w). What is t(28)?
-70
Let r(s) = -2 - 2735*s + 2741*s - 3. Let u be (-6)/12 - 30/(-4). Give r(u).
37
Let s(a) be the second derivative of 1/20*a**5 - 1/4*a**4 + 66*a + 2/3*a**3 + 3 - 3/2*a**2. Determine s(4).
29
Suppose -5*a + 45 = 5*g, g = -30*a + 35*a - 21. Let y(j) = -j**2 + j + 19. What is y(a)?
-1
Let p(a) be the second derivative of -a**5/10 - a**4/12 + a**3/2 + a**2/2 + 66*a. Let r(q) = q - 2. Let k be r(0). Determine p(k).
7
Let x(v) = -3*v - 19. Let f be x(-7). Let g(d) = 46*d**2 - 25*d**2 - 4 - 18*d**2 - f*d. Let a(q) = q**3 + 34*q**2 - 2*q - 65. Let w be a(-34). Give g(w).
17
Let a(y) = -y**2 - 6*y + 11. Let c = -198 + 194. Let n(i) = -2*i - 15. Let k be n(c). Determine a(k).
4
Let b(x) = -198*x**2 - 12*x - 17. Let a be b(6). Let g = a + 10915. Let r(l) = 3698 - 8*l - g. Give r(-1).
8
Let l(z) = z + 2. Let u(h) = -8*h + 6. Let o(w) = -3*w + 2. Let b(n) = 11*o(n) - 4*u(n). Let p be 8/7 - (-198)/231. Let a(q) = p*b(q) + 3*l(q). Give a(-1).
1
Let g(p) = -3*p**2 + 6*p + 4. Let c be 75/18 - (-6)/(-36). Let v be ((-3)/6)/((0 + c)/(-24)). Give g(v).
-5
Let t(g) = 3*g**2 + 25*g + 10. Let l = -5605 + 5598. What is t(l)?
-18
Let x be 6*(-15)/(-27)*-3. Let n(w) = w**2 + 13*w + 11. Let p(f) = f**2 + 14*f + 11. Let u(z) = 5*n(z) - 4*p(z). Calculate u(x).
21
Let k be (-16)/(-12)*(-4 - -1). Let c(b) = 9*b**3 - b**2 - 11*b - 34. Let f(t) = 4*t**3 - 5*t - 15. Let x(n) = 3*c(n) - 7*f(n). Determine x(k).
11
Let s(a) = 1 + a + 0*a - 4*a + 3. Suppose -7*k - 2*q = -9*k, -q - 5 = -2*k. Determine s(k).
-11
Let o(w) = w**2 - 20*w + 54. Suppose 0 = 2*a, -105*r = -106*r + 4*a + 17. Calculate o(r).
3
Let z be 155 - (10 - (5 - 0)). Suppose -z = -17*i + 11*i. Let o = 37 - i. Let x(c) = c**3 - 13*c**2 + 10*c + 14. What is x(o)?
-10
Let v(g) = 4*g - 3. Let a(p) = 5*p - 2. Let b(k) = -5*a(k) + 4*v(k). Suppose 145 - 8 - 697 = -280*x. What is b(x)?
-20
Suppose 5365*r - 133 = 5350*r + 2. Let l(o) = -3*o + 73. Determine l(r).
46
Let p(b) = -184*b - 179*b + 546*b - 181*b. Give p(2).
4
Let p(b) = -b**3 + 7*b**2 - 8*b + 2. Let h be (18/90)/(1/15). Suppose 5*u + 5*t = 4 + 6, h*u + 5*t + 2 = 0. Calculate p(u).
-10
Suppose 6*m = 9*m + 15. Let i(u) = 7*u**3 - 14*u**2 - 28*u. Let t(h) = 4*h**3 - 7*h**2 - 15*h. Let a(w) = m*t(w) + 3*i(w). Determine a(8).
-8
Let b(l) be the third derivative of 5*l**4/8 + 5*l**3/6 + 56508*l**2. Suppose -4*n + 14 = v, 3 = -2*v + n - 5. Calculate b(v).
-25
Let a(z) = 8*z + 28. Suppose -2*w + 3*w = -4*d - 20, -4*d = 3*w + 28. Give a(w).
-4
Let g(i) = -14*i**2 - 8*i**2 + 3*i**3 + 21*i**2 + 2 + i - 2*i**3 + 2*i**2. Let v(l) = -l**2 + 1. Let j be v(1). Give g(j).
2
Suppose 7*y + 14 - 63 = 0. Suppose 9 = 4*w + 5*x, y = 5*w - 5*x - 38. Let m(f) = -f**2 + 9*f + 5. Give m(w).
23
Let f(d) = -d**3 + 2*d**2 - 1. Let v(y) = -125*y**2 + 380*y**2 - 127*y**2 + 28*y - 114 - 129*y**2. Let p be v(23). Determine f(p).
0
Let j = 312 - 295. Let x(g) = -g**3 + 18*g**2 - 18*g + 9. Determine x(j).
-8
Let j(h) = h**2 - 27*h - 52. Let x be j(29). Let b = 19 + -14. Let z(l) = -l**2 - 11 + b + 6 + 3*l. What is z(x)?
-18
Suppose -20 = -5*n, 12*k + n - 4 = 16*k. Let d(p) = p**3 - 3*p**2 + p - 13. Calculate d(k).
-13
Let o(k) = k - 5. Let i = -393 + 396. Suppose -14*d - i = -13*d. Give o(d).
-8
Let q(h) be the second derivative of -5*h**7/504 + h**6/720 + h**5/120 + 25*h**4/6 + 41*h. Let v(l) be the third derivative of q(l). What is v(-1)?
-25
Suppose -5*x - 1 = -6*x. Let i = 173 + -167. Let w(y) = 6*y**2 - 5*y. Let c(b) = b. Let v(q) = i*c(q) + x*w(q). Give v(-1).
5
Suppose 22*q - 24 = -13*q + 11*q. Let o(g) = 2 + 2 - 3 + 7*g. What is o(q)?
8
Let r(f) = f**3 + 5*f**2 - 4*f - 5. Let w = 124 + -122. Suppose -4 - 24 = 5*s + w*u, 2*u - 8 = s. Let v = s + 2. Determine r(v).
27
Let c(g) = -6*g + 19196 - 5*g - 19214 + g - 8*g. Give c(-2).
18
Let k(z) be the third derivative of -z**5/15 - z**4/8 + z**3/3 + 17*z**2 - 1. Let p(o) = o**3 + 6*o**2 + 5*o + 3. Let h be p(-5). Calculate k(h).
-43
Let m = 260 - 263. Let c(b) be the third derivative of b**6/120 + b**5/30 + b**4/8 + b**3/3 + 59*b**2. Give c(m).
-16
Let a(m) = 21 + 14 + m**3 - 52 - m**2 - m + 16. Let v(j) = -2*j**3 - 17*j**2 - 11*j - 22. Let c be v(-8). Give a(c).
1
Let l(x) = -4*x**2 - 5. Let c(i) = 9*i**2 - i + 11. Let u(m) = -3*c(m) - 7*l(m). Let g be (-84 + 48 + 30)*(-1)/2*-1. Calculate u(g).
2
Let b(o) = -o - 3. Let m(q) = -q + 2. Let c(d) = 3*d - 5. Let r(n) = -6*c(n) - 17*m(n). Let w(p) = -5*b(p) + 3*r(p). What is w(-5)?
-7
Let f(k) = -2*k - 7. Let y(l) be the third derivative of 5/24*l**4 + 0 - 14*l**2 + 0*l + 5/2*l**3. Let u(n) = 7*f(n) + 3*y(n). Give u(-5).
-9
Let j(q) = q**2 - 8*q + 4. Let s be j(9). Suppose -2*n = -1 + s. Let c(i) = -i**3 - 6*i**2 - 3*i - 5. Calculate c(n).
13
Let l(p) = 240*p - 723. Suppose 38*m = 138*m + 81*m - 543. What is l(m)?
-3
Let v(z) = -97*z - 27. Let b(h) = -1210*h - 325. Let o(j) = -2*b(j) + 25*v(j). Determine o(6).
-55
Let i(a) = 17*a - 662. Let o be i(39). Let q(l) = 31 - 31 - 16*l. What is q(o)?
-16
Let d = 907 - 906. Let g(h) = d - 267*h + 541*h - 268*h. Calculate g(2).
13
Let v(g) = 6*g - 25. Let k(f) = 5*f - 24. Suppose -q = -5*t + 2, -9*q + 13*q - 13 = -t. Let l(w) = q*v(w) - 4*k(w). Give l(14).
-7
Suppose 0 = -f - 22 + 13. Suppose 9*m - 634 = 86. Let b(p) = -11*p - 36*p**2 + m*p**2 - 45*p**2 - 13. Determine b(f).
5
Let y(p) = -p - 2. Suppose -15*t = -19*t + 20. Let i(z) = z**3 - 6*z**2 + 5*z - 3. Let k be i(t). Give y(k).
1
Let h(b) = -23*b**3 + 23*b**2 + 98*b + 18. Let g(t) = 7*t**3 - 8*t**2 - 32*t - 6. Let r(v) = -10*g(v) - 3*h(v). Calculate r(13).
6
Let z(i) = -6*i**2 + 7*i - 4. Let d(x) = 4*x**2 - 8*x + 4. Let c(q) = -4*d(q) - 3*z(q). Let a(v) = -2*v + 1. Let r(n) = 15*a(n) + 3*c(n). What is r(-2)?
21
Let u(s) = -171*s. Let l(r) = 32*r**2 - 1026*r. Let v(p) = -l(p) + 6*u(p). Let y = -2 + 3. What is v(y)?
-32
Let b(z) be the first derivative of z**3/3 + 10*z**2 + 16*z + 233. What is b(-19)?
-3
Let r(a) = a**3 + 5*a**2 - 5*a - 14. Let h = 4430 + -4435. What is r(h)?
11
Let q(w) be the second derivative of -w**4/6 + 3*w**2/2 - 697*w - 1. Determine q(3).
-15
Let x(t) = t**3 - 7*t**2 + 7*t + 8. Suppose -5*r - 2 = -5*a - 27, -14 = -2*r - 2*a. Determine x(r).
14
Let i(q) = q + 14. Suppose -p - 2079 = 20*p. Let c = -111 - p. Give i(c).
2
Let y(k) = -66*k + 9. Let t(c) = -67*c - 7. Let h(d) = t(d) - y(d). Let b be (13 - 1)*(-5)/(-15). Let v be 10/(-45) - b/(-18). Determine h(v).
-16
Let c(j) = 2*j**2 - 7*j + 6. Let u = 23360 - 23355. Give c(u).
21
Let w(x) = 112*x - 13. Let a(y) = -76*y + 7. Let l(d) = 3*a(d) + 2*w(d). Suppose 3*k + 0*k = -15. Determine l(k).
15
Let s(c) = -178*c + 2654. Let p be s(15). Let x(g) = -g**3 - 14*g**2 + 33*g + 20. Determine x(p).
4
Let l = 5181 - 5169. Let a(i) be the first derivative of -i**3/3 + 13*i**2/2 - 4*i + 4. Give a(l).
8
Let d(j) = -j**2 + 4*j - 12. Suppose 5*b - 1327 = -237. Let k = -214 + b. Calculate d(k).
-12
Let n(s) = s + 28. Let o(a) = a + 23. Let c(i) = -5*n(i) + 6*o(i). Let f = 19 - 12. Calculate c(f).
5
Let p = 3 - 1. Let u = 50 + -34. Let x(w) = -u*w + 6*w + 18*w. What is x(p)?
16
Let h(x) = -7683*x**2 + 258*x - 263*x - 3 + 7698*x**2. Determine h(-1).
17
Let z be -2 + (30/(-8) - (-17 - -11)). Let g(a) be the first derivative of -1/3*a**3 + z*a**4 - 6 + 0*a**2 + 0*a. What is g(-1)?
-2
Suppose -6*x - 80 = 4*x. Let p(q) = -5*q**3 + 15*q**2 + 9*q + 2. Let r(s) = -3*